{"id":177,"date":"2020-06-02T16:39:58","date_gmt":"2020-06-02T16:39:58","guid":{"rendered":"http:\/\/r-isfort.de\/?page_id=177"},"modified":"2020-07-05T07:41:26","modified_gmt":"2020-07-05T07:41:26","slug":"geschichte","status":"publish","type":"page","link":"http:\/\/r-isfort.de\/","title":{"rendered":"Geschichte"},"content":{"rendered":"\n<p>Eine historische Geschichte, sagen wir die Geschichte des Ersten Weltkrieges, hat nicht nur ihr eigenes Ende, sondern sie steht in einer Kontinuit\u00e4t mit unserer Gegenwart, f\u00fcr die der Historiker die Geschichte erz\u00e4hlt.<\/p>\n\n\n\n<p>Thomas Nipperdey.<\/p>\n\n\n\n<p><\/p>\n\n\n\n<p><\/p>\n\n\n\n<p><\/p>\n\n\n\n<p><\/p>\n\n\n\n<div class=\"wp-block-group\"><div class=\"wp-block-group__inner-container\">\n<h6><\/h6>\n<\/div><\/div>\n\n\n\n<p><\/p>\n\n\n\n<p><\/p>\n\n\n\n<p><\/p>\n","protected":false},"excerpt":{"rendered":"<p>Eine historische Geschichte, sagen wir die Geschichte des Ersten Weltkrieges, hat nicht nur ihr eigenes Ende, sondern sie steht in einer Kontinuit\u00e4t mit unserer Gegenwart, f\u00fcr die der Historiker die Geschichte erz\u00e4hlt. Thomas Nipperdey.<\/p>\n","protected":false},"author":1,"featured_media":0,"parent":0,"menu_order":0,"comment_status":"closed","ping_status":"closed","template":"","meta":[],"_links":{"self":[{"href":"http:\/\/r-isfort.de\/index.php?rest_route=\/wp\/v2\/pages\/177"}],"collection":[{"href":"http:\/\/r-isfort.de\/index.php?rest_route=\/wp\/v2\/pages"}],"about":[{"href":"http:\/\/r-isfort.de\/index.php?rest_route=\/wp\/v2\/types\/page"}],"author":[{"embeddable":true,"href":"http:\/\/r-isfort.de\/index.php?rest_route=\/wp\/v2\/users\/1"}],"replies":[{"embeddable":true,"href":"http:\/\/r-isfort.de\/index.php?rest_route=%2Fwp%2Fv2%2Fcomments&post=177"}],"version-history":[{"count":16,"href":"http:\/\/r-isfort.de\/index.php?rest_route=\/wp\/v2\/pages\/177\/revisions"}],"predecessor-version":[{"id":210,"href":"http:\/\/r-isfort.de\/index.php?rest_route=\/wp\/v2\/pages\/177\/revisions\/210"}],"wp:attachment":[{"href":"http:\/\/r-isfort.de\/index.php?rest_route=%2Fwp%2Fv2%2Fmedia&parent=177"}],"curies":[{"name":"wp","href":"https:\/\/api.w.org\/{rel}","templated":true}]}}

<p>Eine historische Geschichte, sagen wir die Geschichte des Ersten Weltkrieges, hat nicht nur ihr eigenes Ende, sondern sie steht in einer Kontinuität mit unserer Gegenwart, für die der Historiker die Geschichte erzählt.</p>



<p>Thomas Nipperdey.</p>



<p></p>



<p></p>



<p></p>



<p></p>



<div class="wp-block-group"><div class="wp-block-group__inner-container">
<h6></h6>
</div></div>



<p></p>



<p></p>



<p></p>

<p>Eine historische Geschichte, sagen wir die Geschichte des Ersten Weltkrieges, hat nicht nur ihr eigenes Ende, sondern sie steht in einer Kontinuität mit unserer Gegenwart, für die der Historiker die Geschichte erzählt. Thomas Nipperdey.</p>
